 8 = k. Let t(o) = 3*o**2 - 3. Calculate the remainder when 90 is divided by t(k).
18
Let j = 86 + -80. Calculate the remainder when 31 is divided by 104/j - -3*(-6)/(-27).
13
Let j = 614 - 573. Calculate the remainder when 109 is divided by j.
27
Let y(m) = -m + 5. Let l be y(5). Suppose 95 = -l*b + 5*b. Calculate the remainder when 74 is divided by b.
17
Suppose 15*k = 55 + 65. What is the remainder when k is divided by 1?
0
Let p(t) = -2*t**3 - t - 1. Let c be p(-1). Let l = 150 - 59. Calculate the remainder when l is divided by 47/c + (-7)/14.
22
Suppose 4*b = 229 + 139. Suppose 4*i - 16 = 0, -5*i - b = -4*z - 24. Let n(c) = 4*c**2 - 4*c + 6. Calculate the remainder when n(5) is divided by z.
20
What is the remainder when (293/(-3))/((-10)/90) is divided by 126?
123
Let t = 825 + -773. Let u = 17 - -5. Calculate the remainder when t is divided by u.
8
Let y(s) = -24*s**2 + 174*s - 3. Suppose 0*v + 21 = 3*v. What is the remainder when y(7) is divided by v?
4
Let t(w) = w + 49. Let g be t(0). Suppose 6*v - 167 = g. Calculate the remainder when 106 is divided by v.
34
Let l be (-28)/((-35)/(-5)) - (-8)/1. What is the remainder when (13/2)/((-2)/(-4)) is divided by l/(-15)*-6*5/2?
1
What is the remainder when 38 is divided by 0 + (-2)/2 + (59 - 44)?
10
Let n(c) = 52*c**2 + 2*c + 3. Let o be n(-3). Calculate the remainder when 112 is divided by (-2)/8 + o/20.
20
Suppose -5*l = -51 - 254. What is the remainder when l is divided by 5?
1
Suppose 0 = 2*a + 2*z + 3*z + 10, 0 = -2*z - 8. Suppose 5*u - 5 = a. What is the remainder when (-9 - -12) + 14/u is divided by 7?
3
Let z(f) = 22*f - 3. Suppose 5*t - 2*t + 2*r - 227 = 0, -2*t - 4*r + 146 = 0. Suppose 71*a - t*a + 132 = 0. Calculate the remainder when z(4) is divided by a.
19
Calculate the remainder when 35 is divided by 2/(16/18)*(-8)/(-3).
5
Let r be (-3)/(-12)*2 - 316/(-8). Suppose 2*u + 5*m = 34 - 2, 4*u - 2*m - r = 0. What is the remainder when 20 is divided by u?
9
Let x = -13 - -15. Suppose 0*r - 4*b = -4*r + 20, x*r - b - 13 = 0. Calculate the remainder when 23 is divided by r.
7
Let t(p) = p**3 + 30*p**2 - 35*p - 118. What is the remainder when t(-31) is divided by 2?
0
Let z(q) = 56*q**2. Let c(a) = 4*a**3 - 45*a**2 + 25*a - 45. Calculate the remainder when c(11) is divided by z(1).
53
Suppose -3*d - b + 18 = -50, -5*d + 90 = -3*b. Let j(l) = -83*l - 106. Calculate the remainder when j(-2) is divided by d.
18
What is the remainder when (-5925)/(-100)*(2 + (-2)/(-3)) is divided by 12?
2
Suppose -c + 2 = 5*q, -2*c = -7*q + 8*q - 4. Calculate the remainder when 6 is divided by c.
0
Let q be ((-522)/(-8))/(12/64). Suppose 0*g + 4*g - q = 0. Calculate the remainder when g is divided by 18.
15
Suppose 6*c + 936 - 1290 = 0. Calculate the remainder when 263 is divided by c.
27
Suppose w - 57 = -5*f, 4 = -3*f + 10. What is the remainder when w is divided by 17?
13
Let w(h) = 5*h + 5. Let g(u) = -18*u - 13. Let q(a) = 2*g(a) + 7*w(a). Let i(j) = -j**2 + j. Let m be i(-2). Calculate the remainder when 57 is divided by q(m).
12
Let y(g) = 4*g**3 - 9*g**2 + 26*g - 68. Calculate the remainder when y(5) is divided by 17.
14
Let g be 4/24*-3*0. Suppose -81 = -h - 2*h + y, 4*h + y - 101 = g. What is the remainder when h is divided by 7?
5
Let p(l) = 3*l**3 + l**2 - 2*l + 1. Calculate the remainder when 14 is divided by p(1).
2
Let d(t) be the second derivative of 5*t**3/6 - 29*t**2/2 + 28*t. Calculate the remainder when d(18) is divided by 13.
9
Calculate the remainder when -1 - (0 + -38) - 1 is divided by 416/(-48)*(-2)/8*6.
10
Let d = 82 - 56. Calculate the remainder when 101 is divided by d.
23
Suppose 0 = 24*n - 126*n + 9282. What is the remainder when 1090 is divided by n?
89
Suppose -4*g + 31 = -h + 214, h - 218 = -3*g. Calculate the remainder when h is divided by 21.
14
Suppose -19*d + 25*d = 12. Suppose 0 = -d*u + 2*h + 558, 2*u - 2*h - 2*h - 560 = 0. Calculate the remainder when u is divided by 35.
33
Let w(r) = -r + 2. Let h(f) = 4*f - 36. Let d be h(17). Suppose -v + 4*v - d = -y, 4*v - y = 45. What is the remainder when v is divided by w(-2)?
3
Suppose -5*a - 684 = -a. Let v = a - -80. Let t = -55 - v. What is the remainder when 69 is divided by t?
33
Let o be (-12)/24 + (-11)/(-2). Suppose -8 = z + o*j, -4*j - 5 + 28 = 5*z. Suppose k - z = 6. What is the remainder when k is divided by 4?
1
Suppose -3*l - 15 = -5*n, -9 = -n - 2*n + 2*l. Suppose -n*q = -21 + 12. What is the remainder when 3 is divided by q?
0
Let l(b) = b**2 - 6*b - 4. Let w be l(9). Let a = 0 + w. Calculate the remainder when a is divided by 9 - -6*1/(-6)*3.
5
Let k(o) = -o**2 - 15*o - 19. Let i be k(-9). Let a = 44 - i. Calculate the remainder when 26 is divided by a.
8
Let w be 16/(-6)*18/(-8). Let g(v) = v**3 - 5*v**2 + 3*v - 6. Calculate the remainder when g(w) is divided by 13.
9
Suppose -4*c = -5*l - 80, 2*c - 5*l = 8 + 32. What is the remainder when 416 is divided by c?
16
Suppose 11*b = 231 + 44. Calculate the remainder when 67 is divided by b.
17
Suppose -4*o = 5*h - 498, 3*h - 6*h + 296 = o. What is the remainder when h is divided by 20?
18
Suppose -134*s - 91 = -141*s. What is the remainder when 480 is divided by s?
12
Let v be (-4)/(-1) - (0 - 54). Let q = v - 40. Calculate the remainder when q is divided by 7.
4
Let y = 391 - 292. What is the remainder when 298 is divided by y?
1
Let v = -8 + 12. Suppose 5*l - 269 = -v. Suppose -2*d + 90 = 3*d. Calculate the remainder when l is divided by d.
17
Suppose -140 = 4*p - 9*p. Suppose p = 5*c - 3*c. Let t = 26768 + -26764. Calculate the remainder when c is divided by t.
2
Suppose -d = -4*f - 79, 0 = -3*d - 0*d - f + 172. Let x = -18 + d. Suppose 4*b - 14 = -s, -3*s + b - 70 = -8*s. Calculate the remainder when x is divided by s.
13
Let x(j) = j - 20. Let k be x(24). Suppose -v - v = -3*p - 55, -4*p = k. Calculate the remainder when v is divided by 16.
10
Suppose l = -l - 3*l. Suppose l = -3*r + 3*b + 60, 5*r - 47 - 41 = b. What is the remainder when 203 is divided by r?
16
Suppose n = -2*o + 6, 6*n + 3*o = n + 23. Let u(p) = p**2 + 38*p + 191. Calculate the remainder when u(-5) is divided by n.
2
Let r = -388 - -409. What is the remainder when 89 is divided by r?
5
Let h(z) = 1 + 5*z - 3*z - 8 - z. Let g be h(10). Calculate the remainder when 39 is divided by ((-56)/3)/(-7)*g.
7
Suppose -73*u + 150 = -68*u. Calculate the remainder when 53 is divided by u.
23
Let b(x) = x**2 - 15*x - 16. Let k be b(14). Let t = 37 + k. Suppose -o - 4*m + 35 = 0, -68 = -3*o - 5*m + 23. Calculate the remainder when o is divided by t.
6
Let k be (-6*2)/3 - 9. Let s = 22 + k. Suppose -12*p - 127 + 331 = 0. Calculate the remainder when p is divided by s.
8
Let c(z) = 6*z**3 - 4*z**2 - 6*z + 3. Let k(p) = -p**3 + p. Let h(u) = c(u) + 4*k(u). Let v = -27 + 35. What is the remainder when h(3) is divided by v?
7
Let n(m) = -19*m - 9. Calculate the remainder when n(-3) is divided by 7.
6
Let d = 84 + -79. Suppose -d*h + 149 = -16. What is the remainder when h is divided by 7?
5
Let p = 45 + -5. Let q be 1/(-2)*0/1. Suppose -5*j - d + 73 = q, -j + 5*d + p = j. What is the remainder when 43 is divided by j?
13
Let m be 26/65 + 293/5. Suppose -4*j = -m - 61. What is the remainder when j is divided by 11?
8
Let j(b) = b**2 - 51. Calculate the remainder when j(-14) is divided by 73.
72
Let a = 0 - -2. Suppose -6*q + 41 = 5*f - 5*q, 0 = 3*f + 3*q - 15. What is the remainder when f is divided by a?
1
Let a(r) = -3*r**2 + 4*r - 3. Let q be a(2). Let h(i) = 4*i - 4 - 39*i**2 + 22*i**2 + 18*i**2. Calculate the remainder when h(q) is divided by 9.
8
Suppose 0 = -2*c - 3*v + 21, -c + 4*v = 8*v - 23. Let z(y) = -3*y + 5. Calculate the remainder when z(-3) is divided by c.
2
Suppose 5*y - 8 = 142. Calculate the remainder when 146 is divided by y.
26
Let u = -124 - -207. Suppose -b + u = 1. What is the remainder when b is divided by 28?
26
Let s(o) = -2*o**3 - 9*o**2 - o + 2. Let u(n) = -n**3 - 4*n**2 - n + 1. Let h(w) = -3*s(w) + 5*u(w). Calculate the remainder when 103 is divided by h(-7).
12
Suppose -20*u + 26*u - 330 = 0. What is the remainder when u is divided by 17?
4
Let n = 785 - 394. Calculate the remainder when n is divided by 8.
7
Suppose 2*c = 4*n - 0*c - 104, -4*n + 4*c + 112 = 0. Let u(o) = -